- 524, 0 = 3*o + j - 530. Let q = -114 + o. What is the tens digit of q?
6
Suppose 0 = -0*k + 7*k - 13482. What is the units digit of k?
6
Let w(y) = -3*y - 20. Let h be w(-18). Suppose -2*k + 2*o + 88 = 0, 2*k = k - o + h. What is the tens digit of k?
3
What is the units digit of (-8310)/(-12) + 14/4?
6
Suppose 0 = 6*h + 269 + 4723. Let i = -548 - h. What is the tens digit of i?
8
Suppose 0*a - 4*a + 248 = 0. Let k = a + -44. What is the units digit of k?
8
Let k(t) = -3*t**3 + 3*t**2 - 10*t + 3. What is the units digit of k(-6)?
9
Let a(y) = -14*y + 3*y**2 - 8*y**2 - 8 + 4*y**2. What is the units digit of a(-10)?
2
Suppose -5*v - 42 + 2 = 0. What is the units digit of (v/2 - -3)*-118?
8
Suppose 19 = 5*o - 1, 0 = 4*d - 2*o - 3232. What is the units digit of d?
0
Let q(l) = 4*l + 26. Let p be q(-6). Suppose -o = p*o, w = -3*o + 136. What is the tens digit of w?
3
Let v = -2444 - -4928. What is the tens digit of v?
8
What is the tens digit of (-1851)/(-15) - (-3 + (-34)/(-10))?
2
Suppose 2768 = 21*l - 17*l. Let w be l/20 - (-4)/10. Suppose -r + 6*r = w. What is the units digit of r?
7
Let f = -905 + 1344. What is the tens digit of f?
3
Let b = 214 + -208. Let x(p) = 7*p**2 - p**3 + 6 + 0*p**2 - 14 - 3*p. What is the tens digit of x(b)?
1
Let q be (-13)/(-2) - (-1)/(-2). Suppose 14*w + 891 = 23*w. Suppose q - w = -3*f. What is the units digit of f?
1
Suppose 0 = -5*h + 12 + 8. Let w(r) = -r**2 + 5*r. What is the units digit of w(h)?
4
Let c(r) = 18*r**2 - 6*r + 10. Suppose 2*f + 4 + 8 = -4*t, -1 = f + t. What is the tens digit of c(f)?
7
Suppose 2*p - 40 = -3*p. Let v be (100/p + 4)*2. Let i = v - -25. What is the tens digit of i?
5
Let b(p) = 18 + 5*p + 0*p - 30. What is the units digit of b(4)?
8
Let v = 201 + -199. Let u be 2/(-4) - 22/(-4). Suppose v*g - u = -z, z = 3*z - 5*g - 37. What is the units digit of z?
1
Let b(f) = f**3 + 3*f**2 - 2*f - 3. Let n be b(-3). Let k be -1 + 5 - (-11 + 15). Suppose k = n*r - 4*r + 14. What is the tens digit of r?
1
Let p(o) = -4*o + 1. Let h be p(4). Let n = -14 - h. What is the units digit of (-1*13)/(n/(-2))?
6
Let y be 2*(1 + (-21)/6). Let d be y/((-5)/(-19)) + -1. Let t = d + 41. What is the tens digit of t?
2
Let i(q) = -2*q + 3. Let s(l) = -l. Let o(d) = i(d) - 3*s(d). Suppose -v = -11 + 7. What is the units digit of o(v)?
7
Let d = 49 + -47. Suppose -5*p = -3*s - 457, 0*p + d*p = -4*s + 188. What is the units digit of p?
2
Let v(w) = -w**2 - 27*w + 10. Let f be v(-19). What is the hundreds digit of 2522/9 + (-36)/f?
2
Let t(m) = m**2 - 10*m + 2. Let h be t(10). Suppose -h*d - n = -4*d - 44, 2*d + 60 = 5*n. What is the tens digit of 2*(-4)/(-4) - d?
2
Let i be (-146)/(-6) + 2/(-6). Let c = 37 - i. Suppose c*v + 105 = 18*v. What is the tens digit of v?
2
Let w(g) = g**3 + g**2 - 3*g + 2. Let m be w(0). What is the tens digit of 21/m*(-8)/36*-21?
4
Let z be 4 + 0 + -3 - -43. What is the tens digit of -2 + (z - 3 - 2)?
3
Let k(t) = -4*t**3 + 2*t - 1. Let s be k(1). What is the tens digit of (s + 76/20)*55?
4
Let t(y) = -y**3 - y**2 + 4*y + 1. Let o be t(2). What is the units digit of 3 - 2*(20/(-8) - o)?
2
Let j(t) be the first derivative of -t**4/4 - 2*t**3 + 3*t**2 - 9*t - 19. What is the tens digit of j(-8)?
7
Suppose -3*c - 7 + 22 = 0, 0 = 3*d + 3*c + 21. Suppose -5*z = -1 + 86. Let y = d - z. What is the units digit of y?
5
Let t(p) = p - 13. Let a be t(-13). Let y = -26 - a. Let j(h) = -h**3 - h**2 - 2*h + 48. What is the units digit of j(y)?
8
Let o(f) = f**3 + 6*f**2 - f - 2. Let q be o(-6). Suppose 0 = -7*v + q*v + 231. What is the units digit of v?
7
Suppose 3*i + 43*i - 11822 = 0. What is the units digit of i?
7
Suppose -10*s - 521 = -9231. What is the units digit of s?
1
Let y(x) = -6*x - 12. Let g be y(-4). Let r(z) = -z**3 + 14*z**2 - 19*z + 13. What is the units digit of r(g)?
3
Let p(o) = -o + 166. Let r be p(0). Suppose 2*l + x - 84 = 0, 2*l = -2*l - 3*x + r. What is the units digit of l?
3
Suppose 546 = 5*g - 1339. What is the hundreds digit of g?
3
Suppose v - 8 = -3*v. Suppose -v*r = -4*p - 109 + 27, 0 = r + 4*p - 53. What is the tens digit of r?
4
Let d(u) = u**3 + 6*u**2 - 3*u - 15. Let v be d(-6). Let q be 477/v + 0 + 0. Suppose -3*a = -2*n + 77, -a + 0*a = -4*n + q. What is the units digit of n?
0
Let g = -116 + 537. What is the hundreds digit of g?
4
Let h = 3067 + -1539. What is the units digit of h?
8
Let q = -215 + 132. Let r = q - -148. What is the tens digit of r?
6
Let q = -21 + 9. Let k be 1/4 - 597/q. Let s = -27 + k. What is the tens digit of s?
2
Let r(g) = 226*g + 3. What is the tens digit of r(4)?
0
Let h(f) = f**2 - 14*f + 36. Let x be h(9). Let i(c) = -c**2 - 14*c + 12. What is the tens digit of i(x)?
5
Let h = 51 - 143. Let i = h + 178. What is the units digit of i?
6
Let y(s) = -s**2 + 6*s + 11. Let r be y(-11). Let k be r/(-10) - (-2)/5. What is the units digit of ((-24)/k)/((-2)/27)?
8
Let q be (3*(-122)/4)/((-13)/(-26)). What is the hundreds digit of (q/(-12))/((-2)/(-16))?
1
Let r(d) = d**3 + 15*d**2 - 7*d + 6. Suppose q + 2*q + 49 = -i, 2*i = q + 7. What is the hundreds digit of r(q)?
1
Suppose 16*h - 15 = 13*h. Suppose n - 5*r = -8, h*n - n = -5*r + 18. Suppose 0 = 5*i + n - 7. What is the units digit of i?
1
Let q(r) = r**2 + 16*r - 16. What is the hundreds digit of q(-46)?
3
Let m(q) = 6*q - 49. Let o be m(9). Suppose 0*p + p + 4*u = 211, 1007 = o*p - 4*u. What is the tens digit of p?
0
Suppose z = -2*k + 2563, -8*z - 2583 = -9*z + 2*k. What is the thousands digit of z?
2
Let g(o) = 3*o**2 + 28*o + 116. What is the tens digit of g(-28)?
8
Let v = 14 - 26. Let l = v - -79. What is the units digit of l?
7
Suppose 4*o - 24 = 5*g, -o + 2*g + 3*g = -21. Let j be ((-1)/3)/(o/(-6)). What is the units digit of 1 - j - (-28)/2?
3
Let l be (-403)/(-7) - (-15)/35. Suppose 2*i + 5*c = 48, -c + l = 5*i - 4*c. What is the units digit of (-1)/1 + i + 3?
6
Suppose 0*v - 3*v = -4*m - 517, 0 = m + 1. Let k = 240 - v. What is the tens digit of k?
6
Suppose -28*y - 4*j = -25*y - 5131, y + 4*j = 1721. What is the thousands digit of y?
1
Let b be 338/8 + 1/(-4)*1. Suppose 3*c = c + 30. Suppose -4*t = t - c, -3*l + b = -t. What is the tens digit of l?
1
Let o(i) = 142*i**2 + 2*i. Suppose -3*f = -8*f + 3*d - 2, 2*d + 2 = 0. What is the tens digit of o(f)?
4
Let v = -218 - -628. What is the tens digit of v?
1
Suppose 4*q = -n - 12 + 8, 5*n - q + 62 = 0. What is the units digit of ((-6)/n)/(1/250)?
5
Suppose -96 = -16*m + 13*m. Let s = m - 26. What is the units digit of s?
6
Let d(n) = -n + 19. Let t(o) = 20. Let j(m) = -4*d(m) + 3*t(m). Let i be j(5). Suppose -i*v + 15 = -17. What is the units digit of v?
8
Suppose 0 = 5*h + 4*l + 159 + 251, l = 0. Let r = h + 122. What is the tens digit of r?
4
Suppose f + 7 = -3*f - l, -5*l - 11 = -4*f. Let j = f - 2. What is the units digit of (-1)/(j + (-248)/(-84))?
1
Suppose -3*w - 4*r + 5176 = -7557, -r + 16999 = 4*w. What is the tens digit of w?
5
Suppose -18*z + 8*z = 50. What is the units digit of (33/6 + z)*86?
3
Let t(s) be the first derivative of -s**3/3 - 25*s**2/2 - 7*s - 5. What is the units digit of t(-19)?
7
Let i = -5 - -5. Suppose -7*v = -2*v + 20, -2*h + v = i. What is the units digit of (3 + (-7)/1)/h?
2
Suppose 0 = -5*g + 3*i + 3447, i = 9*g - 10*g + 683. What is the hundreds digit of g?
6
Let t = 11 + 3. Let c(r) = r + 19. What is the tens digit of c(t)?
3
Let f = 927 - 325. What is the tens digit of f?
0
Let h(u) = 46*u + 11. Let w be h(5). Let g be w/7 - 21/49. What is the tens digit of 1/((7/g)/7)?
3
Suppose -20*f + 24*f + 20 = 0. What is the tens digit of -1 + 1 + f + 4 + 32?
3
Let c(n) = -n + 6. Let d be c(2). Suppose -d*s + 54 = 34. What is the units digit of s?
5
Let c(r) be the first derivative of -r**4/2 - 2*r**3 - r**2 + 2. Let p be c(-4). Let q = p - 26. What is the units digit of q?
4
What is the units digit of (-32292)/(-52) + (1*-3 - 1)?
7
Let z = -444 + 1036. What is the tens digit of z?
9
Suppose -4*u + 4 = 5*o, -3*u = 2*o - u. Suppose -263 = -o*j + 129. What is the tens digit of j?
9
Let f = 516 + -197. What is the tens digit of f?
1
Let b(y) = 0*y - 94 + 9*y + y**2 + 123. What is the units digit of b(-11)?
1
Suppose f - 6*f + 40 = 0. Suppose -f*b = -223 - 177. What is the units digit of b?
0
Let g(w